32231451?
False
Is 46977129 a multiple of 11?
False
Is 158 a factor of 23625676?
False
Is 117563308 a multiple of 950?
False
Is 44 a factor of 4144876253?
False
Is 117067892 a multiple of 38?
True
Is 1554276957 a multiple of 8377?
True
Is 29 a factor of 1776058137?
False
Does 755 divide 282767885?
True
Does 24 divide 181666?
False
Does 3 divide 376792260?
True
Is 5 a factor of 381985501?
False
Is 331 a factor of 17560637?
False
Is 133 a factor of 144783002?
True
Does 55 divide 176857230?
True
Is 8783976 a multiple of 552?
True
Is 591511800 a multiple of 44?
True
Does 24 divide 44480818?
False
Is 1257154679 a multiple of 206?
False
Does 1701 divide 132687453?
False
Is 911 a factor of 8550713?
False
Is 29357861 a multiple of 61?
False
Is 192 a factor of 133509827?
False
Does 6 divide 52558182?
True
Is 57 a factor of 1505022300?
True
Is 529 a factor of 22594119?
True
Is 1022639477 a multiple of 5?
False
Is 18 a factor of 36268374?
False
Is 12 a factor of 60805752?
True
Is 1894914912 a multiple of 26?
False
Is 2378808 a multiple of 165?
False
Does 28 divide 262588508?
True
Is 38 a factor of 1720768726?
False
Does 12 divide 50015590?
False
Is 1014 a factor of 3354667792?
False
Does 445 divide 9649650?
False
Does 354 divide 18147255?
False
Does 93 divide 174998225?
False
Is 1764592498 a multiple of 9701?
True
Is 4228610294 a multiple of 17?
True
Does 636 divide 1016804642?
False
Is 104 a factor of 394733144?
True
Does 234 divide 11286290?
False
Is 152 a factor of 386838842?
False
Is 55156677 a multiple of 1954?
False
Is 26197545 a multiple of 15?
True
Is 454 a factor of 192878722?
True
Is 379163784 a multiple of 408?
True
Is 1176 a factor of 1258018944?
True
Is 470920275 a multiple of 111?
True
Is 3542 a factor of 106015602?
True
Does 25 divide 851387675?
True
Is 321 a factor of 53451802?
False
Is 28688863 a multiple of 145?
False
Does 49 divide 38935112?
False
Does 284 divide 228103120?
True
Does 116 divide 18289264?
False
Is 2487 a factor of 235297168?
False
Is 40 a factor of 884476182?
False
Does 15 divide 21222971?
False
Is 59242734 a multiple of 798?
False
Is 11515503 a multiple of 3289?
False
Does 28 divide 754548480?
True
Does 389 divide 2927614?
True
Is 769026483 a multiple of 501?
True
Does 265 divide 127105130?
True
Does 5414 divide 205155400?
False
Is 12 a factor of 62527824?
True
Does 33 divide 38199876?
True
Is 169 a factor of 6287919?
False
Is 154046022 a multiple of 111?
True
Is 4051946 a multiple of 1882?
True
Does 52 divide 55484?
True
Is 2366 a factor of 5037214?
True
Is 4036 a factor of 1054376748?
True
Is 71347291 a multiple of 17?
False
Is 861263036 a multiple of 2011?
True
Does 418 divide 15661624?
True
Is 639 a factor of 99255354?
False
Is 348 a factor of 17269152?
True
Does 40 divide 515977560?
True
Is 48868352 a multiple of 208?
True
Does 120 divide 1859968746?
False
Does 1106 divide 1520223544?
True
Is 27 a factor of 303889563?
True
Is 3516 a factor of 110337750?
False
Does 1736 divide 288945048?
True
Is 6 a factor of 415145012?
False
Is 451032597 a multiple of 3233?
True
Does 2175 divide 964961143?
False
Is 1749 a factor of 259002414?
True
Is 640808779 a multiple of 1663?
True
Is 249 a factor of 120147910?
False
Is 166 a factor of 237932410?
False
Does 6 divide 33863868?
True
Does 1043 divide 50446781?
True
Does 72 divide 251521200?
True
Is 95 a factor of 62919735?
True
Does 9 divide 1984477437?
True
Is 1983 a factor of 392300856?
True
Is 46728223 a multiple of 2?
False
Is 1324 a factor of 383697078?
False
Is 85 a factor of 33722703?
False
Is 252 a factor of 19631808?
True
Does 208 divide 222673360?
True
Does 20 divide 11088500?
True
Does 433 divide 1002257739?
True
Is 21450690 a multiple of 270?
True
Does 11 divide 564091950?
False
Does 7 divide 8423106?
False
Is 3254730 a multiple of 15?
True
Is 22 a factor of 394197034?
True
Does 8 divide 163925961?
False
Is 261 a factor of 250227225?
True
Does 173 divide 89877652?
True
Is 2 a factor of 9354820?
True
Is 139 a factor of 1977604189?
False
Is 164 a factor of 93288810?
False
Is 57306242 a multiple of 1843?
True
Is 2 a factor of 3232889?
False
Is 7 a factor of 389217?
False
Is 5647584 a multiple of 24?
True
Is 30 a factor of 276514770?
True
Is 715 a factor of 13491294?
False
Is 2287 a factor of 226486184?
True
Is 92 a factor of 4126200?
True
Is 12 a factor of 551415084?
True
Does 1332 divide 12656854?
False
Is 79 a factor of 32875771?
True
Is 92 a factor of 252142932?
False
Is 13311529 a multiple of 1870?
False
Is 11 a factor of 40315873?
False
Does 28 divide 1907892?
True
Is 1874 a factor of 75351666?
True
Does 10 divide 8591903?
False
Is 1970 a factor of 640504319?
False
Is 17 a factor of 294185?
True
Is 2002793035 a multiple of 22?
False
Does 1020 divide 229854960?
True
Is 754 a factor of 786991270?
True
Does 99 divide 1237594718?
False
Is 5 a factor of 89307055?
True
Is 479 a factor of 852327331?
True
Is 510385736 a multiple of 803?
False
Is 8480325 a multiple of 274?
False
Is 12 a factor of 781721?
False
Is 3303 a factor of 36775602?
True
Does 18 divide 1326213666?
True
Does 377 divide 26602251?
True
Is 122859757 a multiple of 2965?
False
Is 406 a factor of 9632479?
False
Is 121 a factor of 24589138?
False
Does 99 divide 17138583?
True
Does 11 divide 19186849?
True
Does 24 divide 52988844?
False
Is 713629791 a multiple of 188?
False
Is 14140485 a multiple of 15?
True
Is 1439 a factor of 57693296?
False
Is 2793 a factor of 206768583?
True
Is 537577376 a multiple of 224?
True
Is 2887875 a multiple of 2?
False
Does 5 divide 92460695?
True
Is 36462260 a multiple of 792?
False
Does 5 divide 395540177?
False
Is 250 a factor of 11518500?
True
Is 1098 a factor of 250966089?
False
Is 166 a factor of 312917470?
True
Is 448770 a multiple of 3?
True
Is 705 a factor of 19303605?
True
Is 73753420 a multiple of 52?
True
Is 1557 a factor of 99277543?
False
Does 17 divide 55290124?
False
Is 589 a factor of 33356952?
False
Is 12 a factor of 80597652?
True
Is 6 a factor of 574856387?
False
Does 47 divide 1092874033?
True
Does 132 divide 5790306?
False
Is 989637375 a multiple of 125?
True
Is 416366930 a multiple of 161?
True
Does 487 divide 325613540?
False
Is 12 a factor of 86464848?
True
Does 2 divide 5138400?
True
Is 51560768 a multiple of 994?
True
Is 2469 a factor of 220224924?
True
Is 1224856339 a multiple of 27?
False
Is 4436 a factor of 794496472?
True
Is 3541546558 a multiple of 686?
False
Is 46872583 a multiple of 574?
False
Is 34 a factor of 276520019?
False
Does 343 divide 33986155?
True
Is 174 a factor of 111044364?
True
Is 1115320347 a multiple of 17?
False
Does 484 divide 39858246?
False
Does 27 divide 2306465415?
True
Is 13467014 a multiple of 279?
False
Is 53 a factor of 4199332?
False
Is 41 a factor of 155683150?
True
Is 232816639 a multiple of 97?
False
Does 3 divide 89384060?
False
Is 116239366 a multiple of 538?
False
Does 26 divide 56277026?
True
Is 365 a factor of 9572855?
True
Is 2055 a factor of 27728240?
False
Does 53 divide 4192573?
False
Is 1209478371 a multiple of 11?
False
Is 2666 a factor of 3597892302?
True
Does 300 divide 27496200?
True
Does 39 divide 115046239?
False
Is 1319055890 a multiple of 326?
False
Is 202 a factor of 7248568?
True
Does 26 divide 91675454?
True
Does 20 divide 115835479?
False
Is 1794 a factor of 65096319?
False
Is 149946972 a multiple of 84?
True
Is 29 a factor of 138403022?
True
Is 4015189311 a multiple of 1072?
False
Does 7 divide 169348066?
False
Is 6 a factor of 165916560?
True
Is 87770687 a multiple of 2595?
False
Does 3 divide 49535913?
True
Does 149 divide 80509915?
True
Is 66 a factor of 245003390?
False
Is 16723203 a multiple of 24?
False
Is 560180313 a multiple of 63?
True
Does 50 divide 54963200?
True
Is 33675633 a multiple of 18?
False
Is 162879990 a multiple of 210?
True
Is 197136191 a multiple of 3871?
False
Does 11 divide 62580474?
True
Is 444118807 a multiple of 735?
False
Is 977453175 a multiple of 4975?
True
Is 607979273 a multiple of 1409?
True
Is 533198906 a multiple of 5296?
False
Is 761802069 a multiple of 4494?
False
Does 176 divide 1487938785?
False
Is 6 a factor of 44885176?
False
Does 144 divide 459123974?
False
Does 25 divide 42905118?
False
Is 57 a factor of 475314792?
True
Is 7932172 a multiple of 23